{"id":770,"date":"2021-08-25T13:18:39","date_gmt":"2021-08-25T11:18:39","guid":{"rendered":"http:\/\/www.forkurset.no\/?page_id=770"},"modified":"2021-08-25T13:28:00","modified_gmt":"2021-08-25T11:28:00","slug":"digitalt-fagmote-2020-2","status":"publish","type":"page","link":"https:\/\/www.forkurset.no\/?page_id=770","title":{"rendered":"Digitalt fagm\u00f8te 2021"},"content":{"rendered":"\n<p><strong>Program for nasjonalt forkursseminar 2021<\/strong><\/p>\n\n\n\n<p>Fellessekretariatet\n\u00f8nsker velkommen til \u00e5rets m\u00f8te som ogs\u00e5 denne gangen holdes digitalt. I\ntillegg til den vanlige orienteringen om eksamen er det fagfornyelsen i vgs som\nst\u00e5r p\u00e5 agendaen.<\/p>\n\n\n\n<p><strong>Tirsdag 14. september <\/strong><\/p>\n\n\n\n<p>09:00 \u2013 09:15&nbsp;&nbsp;&nbsp;&nbsp;Fellessekretariatet\n\u00f8nsker velkommen \u2013 Ketil Arnesen<\/p>\n\n\n\n<p>09:15 \u2013 10:00&nbsp;&nbsp;&nbsp;&nbsp;Oppsummering av eksamensavviklingen og sensur 2021<\/p>\n\n\n\n<p>10.00 \u2013 10:15 &nbsp;&nbsp; Pause<\/p>\n\n\n\n<p>10:30 \u2013 11:30&nbsp;&nbsp;&nbsp;&nbsp;Eksamensavvikling 2022 &#8211; Diskusjon i plenum<\/p>\n\n\n\n<p>11:30 \u2013 12:30&nbsp;&nbsp;&nbsp;&nbsp;Lunsjpause<\/p>\n\n\n\n<p>12:30 \u2013 15:30&nbsp;&nbsp;&nbsp;&nbsp; Diskusjon\ni faggrupper. <br>\n<br>\n<\/p>\n\n\n\n<p><strong>Onsdag 15. september<\/strong><\/p>\n\n\n\n<p>09:00 \u2013 10:15&nbsp;&nbsp;&nbsp;&nbsp;Fagfornyelsen.\nPresentasjon av nye retningslinjer<\/p>\n\n\n\n<p>10:15 \u2013 10:30&nbsp;&nbsp;&nbsp;&nbsp; Pause&nbsp;&nbsp;&nbsp;&nbsp;\n<\/p>\n\n\n\n<p>10:30 \u2013 11:15&nbsp; &nbsp; Fagfornyelsen.\nDiskusjon i faggrupper.<\/p>\n\n\n\n<p>11:15 \u2013 12:15&nbsp;&nbsp;&nbsp;&nbsp;Lunsjpause<\/p>\n\n\n\n<p>12:15 \u2013 14:45 &nbsp;&nbsp; Diskusjon i plenum<\/p>\n\n\n\n<p>14:45 \u2013 15:00&nbsp;&nbsp;&nbsp;&nbsp; Pause<\/p>\n\n\n\n<p>15:00 \u2013 15:30&nbsp;&nbsp;&nbsp;&nbsp;Oppsummering<br><\/p>\n\n\n\n<p>P\u00e5melding via <a href=\"https:\/\/forms.gle\/xHCSQvNgd39qjt5Q6\">https:\/\/forms.gle\/xHCSQvNgd39qjt5Q6<\/a><\/p>\n\n\n\n<p>Lenke til m\u00f8tet: <a href=\"https:\/\/NTNU.zoom.us\/j\/98731501751?pwd=MU5qREFocmpwb3lwaXh6R25TdTVmZz09\">https:\/\/NTNU.zoom.us\/j\/98731501751?pwd=MU5qREFocmpwb3lwaXh6R25TdTVmZz09<\/a><\/p>\n","protected":false},"excerpt":{"rendered":"<p>Program for nasjonalt forkursseminar 2021 Fellessekretariatet \u00f8nsker velkommen til \u00e5rets m\u00f8te som ogs\u00e5 denne gangen holdes digitalt. I tillegg til den vanlige orienteringen om eksamen [&#8230;]<\/p>\n","protected":false},"author":4,"featured_media":0,"parent":392,"menu_order":0,"comment_status":"closed","ping_status":"closed","template":"","meta":{"footnotes":""},"class_list":["post-770","page","type-page","status-publish","hentry"],"_links":{"self":[{"href":"https:\/\/www.forkurset.no\/index.php?rest_route=\/wp\/v2\/pages\/770","targetHints":{"allow":["GET"]}}],"collection":[{"href":"https:\/\/www.forkurset.no\/index.php?rest_route=\/wp\/v2\/pages"}],"about":[{"href":"https:\/\/www.forkurset.no\/index.php?rest_route=\/wp\/v2\/types\/page"}],"author":[{"embeddable":true,"href":"https:\/\/www.forkurset.no\/index.php?rest_route=\/wp\/v2\/users\/4"}],"replies":[{"embeddable":true,"href":"https:\/\/www.forkurset.no\/index.php?rest_route=%2Fwp%2Fv2%2Fcomments&post=770"}],"version-history":[{"count":0,"href":"https:\/\/www.forkurset.no\/index.php?rest_route=\/wp\/v2\/pages\/770\/revisions"}],"up":[{"embeddable":true,"href":"https:\/\/www.forkurset.no\/index.php?rest_route=\/wp\/v2\/pages\/392"}],"wp:attachment":[{"href":"https:\/\/www.forkurset.no\/index.php?rest_route=%2Fwp%2Fv2%2Fmedia&parent=770"}],"curies":[{"name":"wp","href":"https:\/\/api.w.org\/{rel}","templated":true}]}}

Digitalt fagmøte 2021

<p><strong>Program for nasjonalt forkursseminar 2021</strong></p>



<p>Fellessekretariatet
ønsker velkommen til årets møte som også denne gangen holdes digitalt. I
tillegg til den vanlige orienteringen om eksamen er det fagfornyelsen i vgs som
står på agendaen.</p>



<p><strong>Tirsdag 14. september </strong></p>



<p>09:00 – 09:15&nbsp;&nbsp;&nbsp;&nbsp;Fellessekretariatet
ønsker velkommen – Ketil Arnesen</p>



<p>09:15 – 10:00&nbsp;&nbsp;&nbsp;&nbsp;Oppsummering av eksamensavviklingen og sensur 2021</p>



<p>10.00 – 10:15 &nbsp;&nbsp; Pause</p>



<p>10:30 – 11:30&nbsp;&nbsp;&nbsp;&nbsp;Eksamensavvikling 2022 &#8211; Diskusjon i plenum</p>



<p>11:30 – 12:30&nbsp;&nbsp;&nbsp;&nbsp;Lunsjpause</p>



<p>12:30 – 15:30&nbsp;&nbsp;&nbsp;&nbsp; Diskusjon
i faggrupper. <br>
<br>
</p>



<p><strong>Onsdag 15. september</strong></p>



<p>09:00 – 10:15&nbsp;&nbsp;&nbsp;&nbsp;Fagfornyelsen.
Presentasjon av nye retningslinjer</p>



<p>10:15 – 10:30&nbsp;&nbsp;&nbsp;&nbsp; Pause&nbsp;&nbsp;&nbsp;&nbsp;
</p>



<p>10:30 – 11:15&nbsp; &nbsp; Fagfornyelsen.
Diskusjon i faggrupper.</p>



<p>11:15 – 12:15&nbsp;&nbsp;&nbsp;&nbsp;Lunsjpause</p>



<p>12:15 – 14:45 &nbsp;&nbsp; Diskusjon i plenum</p>



<p>14:45 – 15:00&nbsp;&nbsp;&nbsp;&nbsp; Pause</p>



<p>15:00 – 15:30&nbsp;&nbsp;&nbsp;&nbsp;Oppsummering<br></p>



<p>Påmelding via <a href="https://forms.gle/xHCSQvNgd39qjt5Q6">https://forms.gle/xHCSQvNgd39qjt5Q6</a></p>



<p>Lenke til møtet: <a href="https://NTNU.zoom.us/j/98731501751?pwd=MU5qREFocmpwb3lwaXh6R25TdTVmZz09">https://NTNU.zoom.us/j/98731501751?pwd=MU5qREFocmpwb3lwaXh6R25TdTVmZz09</a></p>

<p>Program for nasjonalt forkursseminar 2021 Fellessekretariatet ønsker velkommen til årets møte som også denne gangen holdes digitalt. I tillegg til den vanlige orienteringen om eksamen [&#8230;]</p>
