{"id":712,"date":"2020-10-14T13:45:25","date_gmt":"2020-10-14T11:45:25","guid":{"rendered":"http:\/\/www.forkurset.no\/?page_id=712"},"modified":"2020-11-18T11:17:48","modified_gmt":"2020-11-18T10:17:48","slug":"digitalt-fagmote-2020","status":"publish","type":"page","link":"https:\/\/www.forkurset.no\/?page_id=712","title":{"rendered":"Digitalt fagm\u00f8te 2020"},"content":{"rendered":"\n<p><strong>Program for nasjonalt forkursseminar 2020<\/strong><\/p>\n\n\n\n<p>Fellessekretariatet\n\u00f8nsker velkommen til \u00e5rets m\u00f8te som denne gangen holdes digitalt. Det er to\nviktige saker vi m\u00e5 h\u00e5ndtere denne gangen<\/p>\n\n\n\n<ul class=\"wp-block-list\"><li>Erfaringene fra hjemmeeksamen. Hvordan forbereder vi eksamen 2021?<\/li><li>Fagfornyelsen i vgs og konsekvenser for forkurs, realfagskurs, y-vei og\nTRES.<\/li><\/ul>\n\n\n\n<p><strong>Tirsdag 10. november <\/strong><\/p>\n\n\n\n<p>09:00 \u2013 09:15&nbsp;&nbsp;&nbsp;&nbsp;Fellessekretariatet\n\u00f8nsker velkommen \u2013 Ketil Arnesen<\/p>\n\n\n\n<p>09:15 \u2013 10:00&nbsp;&nbsp;&nbsp;&nbsp;Oppsummering av\neksamensavviklingen og sensur 2020 \u2013 P\u00e5l Risan<\/p>\n\n\n\n<p>10.00 \u2013 10:15 &nbsp;&nbsp; Pause<\/p>\n\n\n\n<p>10:30 \u2013 11:30&nbsp;&nbsp;&nbsp;&nbsp;Eksamensavvikling 2021:\nDiskusjon i plenum<\/p>\n\n\n\n<p>11:30 \u2013 12:30&nbsp;&nbsp;&nbsp;&nbsp;Lunsjpause<\/p>\n\n\n\n<p>12:30 \u2013 15:30&nbsp;&nbsp;&nbsp; Diskusjon\ni faggrupper <br>\n<br>\n<\/p>\n\n\n\n<p><strong>Onsdag 11. november<\/strong><\/p>\n\n\n\n<p>09:00 \u2013 10:15&nbsp;&nbsp;&nbsp;&nbsp;Oppsummering fra faggruppene.<br>\n10:15 \u2013 10:30&nbsp;&nbsp;&nbsp; Pause&nbsp;&nbsp;&nbsp;&nbsp;\n<\/p>\n\n\n\n<p>10:30 \u2013 11:15&nbsp; &nbsp; Fagfornyelsen\nog eget reformarbeid \u2013 Brit Julb\u00f8<\/p>\n\n\n\n<p>11:15 \u2013 12:15&nbsp;&nbsp;&nbsp;&nbsp;Lunsjpause<\/p>\n\n\n\n<p>12:15 \u2013 14:45 &nbsp;&nbsp; Fagfornyelsen diskuteres i\nfaggrupper<\/p>\n\n\n\n<p>14:45 \u2013 15:30&nbsp;&nbsp;&nbsp;&nbsp;Diskusjon i plenum<br>\n<br>\n<\/p>\n\n\n\n<p>P\u00e5melding via <a href=\"https:\/\/forms.gle\/kHRKBRHUKd5Zjus99\">https:\/\/forms.gle\/kHRKBRHUKd5Zjus99<\/a><\/p>\n\n\n\n<p>Lenke til m\u00f8tet: <a href=\"https:\/\/NTNU.zoom.us\/j\/97013702625?pwd=RVhQR2wrYS81TkRpbjFvOElzR2oxZz09\">https:\/\/NTNU.zoom.us\/j\/97013702625?pwd=RVhQR2wrYS81TkRpbjFvOElzR2oxZz09<\/a><\/p>\n\n\n\n<p><a href=\"http:\/\/www.forkurset.no\/?page_id=717\">Referater og dokumenter<\/a><\/p>\n","protected":false},"excerpt":{"rendered":"<p>Program for nasjonalt forkursseminar 2020 Fellessekretariatet \u00f8nsker velkommen til \u00e5rets m\u00f8te som denne gangen holdes digitalt. Det er to viktige saker vi m\u00e5 h\u00e5ndtere denne [&#8230;]<\/p>\n","protected":false},"author":4,"featured_media":0,"parent":392,"menu_order":0,"comment_status":"closed","ping_status":"closed","template":"","meta":{"footnotes":""},"class_list":["post-712","page","type-page","status-publish","hentry"],"_links":{"self":[{"href":"https:\/\/www.forkurset.no\/index.php?rest_route=\/wp\/v2\/pages\/712","targetHints":{"allow":["GET"]}}],"collection":[{"href":"https:\/\/www.forkurset.no\/index.php?rest_route=\/wp\/v2\/pages"}],"about":[{"href":"https:\/\/www.forkurset.no\/index.php?rest_route=\/wp\/v2\/types\/page"}],"author":[{"embeddable":true,"href":"https:\/\/www.forkurset.no\/index.php?rest_route=\/wp\/v2\/users\/4"}],"replies":[{"embeddable":true,"href":"https:\/\/www.forkurset.no\/index.php?rest_route=%2Fwp%2Fv2%2Fcomments&post=712"}],"version-history":[{"count":0,"href":"https:\/\/www.forkurset.no\/index.php?rest_route=\/wp\/v2\/pages\/712\/revisions"}],"up":[{"embeddable":true,"href":"https:\/\/www.forkurset.no\/index.php?rest_route=\/wp\/v2\/pages\/392"}],"wp:attachment":[{"href":"https:\/\/www.forkurset.no\/index.php?rest_route=%2Fwp%2Fv2%2Fmedia&parent=712"}],"curies":[{"name":"wp","href":"https:\/\/api.w.org\/{rel}","templated":true}]}}