{"id":1623,"date":"2024-01-10T14:54:26","date_gmt":"2024-01-10T13:54:26","guid":{"rendered":"https:\/\/www.forkurset.no\/?page_id=1623"},"modified":"2024-01-10T14:59:25","modified_gmt":"2024-01-10T13:59:25","slug":"fagsamling-vaernes-2015","status":"publish","type":"page","link":"https:\/\/www.forkurset.no\/?page_id=1623","title":{"rendered":"Fagsamling V\u00e6rnes 2015"},"content":{"rendered":"\n<p>Ekstraordin\u00e6r fagsamling p\u00e5 V\u00e6rnes 25. februar 2015 i forbindelse med de nye planene for forkurset (vedlegg 6 til de nasjonale retningslinjene for ingeni\u00f8rutdanningen)<\/p>\n<hr \/>\n<p>\u00a0<\/p>\n\n\n\n<p><a href=\"https:\/\/www.forkurset.no\/wp-content\/uploads\/2015\/02\/M\u00f8tereferat.pdf\">Program og referat fra m\u00f8tet<\/a><\/p>\n\n\n\n<p><a href=\"https:\/\/www.forkurset.no\/wp-content\/uploads\/2015\/02\/Presentasjon-fra-NRT.pdf\">Presentasjon fra NRT<\/a><\/p>\n","protected":false},"excerpt":{"rendered":"<p>Ekstraordin\u00e6r fagsamling p\u00e5 V\u00e6rnes 25. februar 2015 i forbindelse med de nye planene for forkurset (vedlegg 6 til de nasjonale retningslinjene for ingeni\u00f8rutdanningen) \u00a0 Program [&#8230;]<\/p>\n","protected":false},"author":4,"featured_media":0,"parent":0,"menu_order":0,"comment_status":"closed","ping_status":"closed","template":"","meta":{"footnotes":""},"class_list":["post-1623","page","type-page","status-publish","hentry"],"_links":{"self":[{"href":"https:\/\/www.forkurset.no\/index.php?rest_route=\/wp\/v2\/pages\/1623","targetHints":{"allow":["GET"]}}],"collection":[{"href":"https:\/\/www.forkurset.no\/index.php?rest_route=\/wp\/v2\/pages"}],"about":[{"href":"https:\/\/www.forkurset.no\/index.php?rest_route=\/wp\/v2\/types\/page"}],"author":[{"embeddable":true,"href":"https:\/\/www.forkurset.no\/index.php?rest_route=\/wp\/v2\/users\/4"}],"replies":[{"embeddable":true,"href":"https:\/\/www.forkurset.no\/index.php?rest_route=%2Fwp%2Fv2%2Fcomments&post=1623"}],"version-history":[{"count":0,"href":"https:\/\/www.forkurset.no\/index.php?rest_route=\/wp\/v2\/pages\/1623\/revisions"}],"wp:attachment":[{"href":"https:\/\/www.forkurset.no\/index.php?rest_route=%2Fwp%2Fv2%2Fmedia&parent=1623"}],"curies":[{"name":"wp","href":"https:\/\/api.w.org\/{rel}","templated":true}]}}